1
What is 16 (base 10) in base 15?
11
Convert 36 (base 9) to base 12.
29
What is -21 (base 8) in base 16?
-11
Convert 88 (base 9) to base 12.
68
-20 (base 6) to base 5
-22
What is ab (base 15) in base 6?
425
What is -1 (base 15) in base 10?
-1
Convert -5 (base 9) to base 16.
-5
What is -3 (base 11) in base 8?
-3
What is -101 (base 3) in base 7?
-13
Convert 42 (base 7) to base 2.
11110
What is -4 (base 15) in base 2?
-100
-1c5 (base 13) to base 8
-512
What is 12 (base 3) in base 13?
5
Convert -16 (base 8) to base 3.
-112
Convert -233 (base 4) to base 10.
-47
50 (base 15) to base 16
4b
Convert -3 (base 16) to base 4.
-3
What is 46 (base 10) in base 5?
141
13 (base 6) to base 15
9
Convert 18 (base 14) to base 9.
24
What is 3 (base 10) in base 5?
3
What is 2 (base 15) in base 2?
10
What is d (base 15) in base 16?
d
Convert 3101 (base 4) to base 3.
21202
Convert 4 (base 6) to base 9.
4
What is 20 (base 3) in base 15?
6
What is 2 (base 7) in base 9?
2
Convert -11010 (base 3) to base 13.
-87
-25 (base 10) to base 11
-23
61 (base 15) to base 6
231
-110000 (base 2) to base 16
-30
What is 2 (base 12) in base 2?
10
Convert 92 (base 12) to base 11.
a0
1 (base 12) to base 9
1
-225 (base 7) to base 15
-7c
What is 1001 (base 5) in base 11?
105
-10022 (base 3) to base 16
-59
202 (base 3) to base 5
40
Convert -4 (base 5) to base 13.
-4
What is 111 (base 7) in base 12?
49
-2 (base 8) to base 9
-2
Convert -84 (base 10) to base 11.
-77
Convert -42 (base 6) to base 8.
-32
What is 0 (base 13) in base 16?
0
30 (base 8) to base 16
18
What is -17 (base 9) in base 15?
-11
Convert 40 (base 10) to base 6.
104
Convert -2 (base 4) to base 12.
-2
-211 (base 3) to base 11
-20
-103 (base 4) to base 9
-21
-311 (base 4) to base 5
-203
What is 240 (base 5) in base 4?
1012
-211 (base 4) to base 2
-100101
Convert 0 (base 7) to base 13.
0
What is 14 (base 13) in base 9?
18
What is -18 (base 16) in base 2?
-11000
Convert 460 (base 7) to base 10.
238
-21 (base 5) to base 11
-10
-17 (base 12) to base 7
-25
Convert -227 (base 10) to base 7.
-443
What is -26 (base 9) in base 4?
-120
-111 (base 4) to base 15
-16
-51 (base 6) to base 5
-111
1 (base 13) to base 11
1
-13 (base 6) to base 10
-9
What is -1d (base 15) in base 7?
-40
Convert -8 (base 15) to base 13.
-8
Convert -20 (base 5) to base 3.
-101
e (base 15) to base 8
16
What is 11 (base 7) in base 3?
22
16 (base 15) to base 16
15
Convert -50 (base 6) to base 7.
-42
Convert -4 (base 12) to base 4.
-10
-1021 (base 3) to base 16
-22
Convert 4 (base 16) to base 7.
4
What is -3 (base 6) in base 11?
-3
Convert -12 (base 11) to base 15.
-d
Convert -1222 (base 3) to base 10.
-53
10 (base 13) to base 4
31
What is 5 (base 6) in base 7?
5
What is -8 (base 13) in base 3?
-22
What is -9 (base 11) in base 16?
-9
Convert 5 (base 15) to base 2.
101
Convert 88 (base 11) to base 15.
66
Convert -10 (base 3) to base 11.
-3
What is 112 (base 4) in base 11?
20
Convert -9 (base 16) to base 2.
-1001
520 (base 7) to base 3
100121
What is -1110 (base 3) in base 10?
-39
Convert -22 (base 7) to base 14.
-12
Convert -9c (base 15) to base 3.
-12110
What is -4 (base 12) in base 15?
-4
Convert 10 (base 6) to base 2.
110
23 (base 5) to base 9
14
What is 4 (base 7) in base 5?
4
Convert 4a (base 13) to base 9.
68
-111 (base 2) to base 12
-7
What is 16 (base 9) in base 8?
17
Convert -10011 (base 2) to base 9.
-21
13 (base 7) to base 3
101
-7 (base 13) to base 15
-7
Convert c (base 16) to base 13.
c
10 (base 11) to base 15
b
3 (base 15) to base 14
3
Convert 78 (base 9) to base 14.
51
Convert 63 (base 8) to base 9.
56
Convert 240 (base 6) to base 5.
341
-4 (base 5) to base 3
-11
What is 2 (base 14) in base 6?
2
Convert 3 (base 12) to base 8.
3
What is -f (base 16) in base 13?
-12
What is 1 (base 6) in base 9?
1
Convert -10000 (base 2) to base 12.
-14
Convert 1254 (base 6) to base 11.
273
What is -7 (base 14) in base 8?
-7
What is 13 (base 6) in base 2?
1001
-21 (base 6) to base 15
-d
-10 (base 6) to base 16
-6
-3c (base 16) to base 12
-50
What is 3 (base 16) in base 3?
10
What is 6 (base 10) in base 15?
6
Convert 3 (base 8) to base 11.
3
Convert -10 (base 9) to base 2.
-1001
What is 10010 (base 2) in base 13?
15
Convert 13 (base 9) to base 5.
22
Convert -3 (base 5) to base 7.
-3
What is a (base 14) in base 3?
101
-2434 (base 5) to base 6
-1413
Convert -1 (base 3) to base 6.
-1
-6 (base 7) to base 11
-6
Convert -1323 (base 5) to base 13.
-135
-14 (base 5) to base 8
-11
-1 (base 12) to base 7
-1
What is 9b (base 14) in base 4?
2021
-33 (base 4) to base 15
-10
3 (base 16) to base 12
3
-5 (base 9) to base 2
-101
Convert -80 (base 11) to base 16.
-58
Convert 167 (base 10) to base 6.
435
What is 5 (base 12) in base 8?
5
-43 (base 11) to base 8
-57
2333 (base 4) to base 15
cb
Convert 101110 (base 2) to base 16.
2e
What is 80 (base 10) in base 9?
88
Convert 44 (base 8) to base 11.
33
Convert 138 (base 9) to base 11.
a6
What is 20 (base 3) in base 9?
6
Convert 3 (base 8) to base 6.
3
Convert 10 (base 2) to base 16.
2
Convert 35 (base 14) to base 13.
38
What is 1000111 (base 2) in base 6?
155
Convert 11 (base 2) to base 3.
10
What is -1 (base 10) in base 6?
-1
-1321 (base 4) to base 6
-321
What is -101 (base 2) in base 16?
-5
What is -211 (base 6) in base 3?
-2221
What is -21 (base 9) in base 10?
-19
What is 3 (base 14) in base 16?
3
Convert 10 (base 5) to base 8.
5
10020 (base 3) to base 7
153
What is 2 (base 5) in base 9?
2
What is -3 (base 13) in base 11?
-3
Convert -233 (base 4) to base 11.
-43
-100 (base 2) to base 15
-4
What is 12 (base 3) in base 5?
10
-2 (base 16) to base 8
-2
What is -2 (base 7) in base 16?
-2
What is 2220 (base 4) in base 14?
c0
What is -2 (base 11) in base 12?
-2
-7 (base 11) to base 2
-111
What is 2 (base 16) in base 14?
2
-120 (base 3) to base 8
-17
Convert 0 (base 4) to base 16.
0
Convert 4 (base 11) to base 15.
4
What is 10 (base 4) in base 15?
4
Convert 38 (base 11) to base 6.
105
What is b8 (base 14) in base 9?
200
0 (base 6) to base 13
0
Convert -3222 (base 4) to base 14.
-12a
Convert 5 (base 13) to base 6.
5
3 (base 8) to base 15
3
What is -10 (base 5) in base 9?
-5
-1a8 (base 16) to base 12
-2b4
What is -33 (base 6) in base 12?
-19
What is 13 (base 7) in base 10?
10
Convert 12 (base 5) to base 14.
7
Convert -101 (base 5) to base 16.
-1a
Convert 2 (base 5) to base 12.
2
Convert -41 (base 7) to base 10.
-29
Convert 1 (base 8) to base 7.
1
Convert ba (base 14) to base 9.
202
227 (base 10) to base 11
197
What is -182 (base 11) in base 16?
-d3
-105 (base 6) to base 7
-56
What is 1231 (base 5) in base 10?
191
What is 6 (base 16) in base 4?
12
Convert -4 (base 14) to base 10.
-4
Convert d (base 14) to base 2.
1101
-1 (base 4) to base 14
-1
-3 (base 10) to base 15
-3
What is 0 (base 2) in base 8?
0
-62 (base 9) to base 2
-111000
Convert 10111 (base 2) to base 5.
43
1110 (base 2) to base 15
e
26 (base 11) to base 12
24
5 (base 14) to base 12
5
What is -9 (base 14) in base 10?
-9
Convert 12 (base 7) to base 9.
10
What is 20 (base 4) in base 6?
12
-13 (base 10) to base 11
-12
Convert 8 (base 12) to base 16.
8
Convert -3 (base 8) to base 11.
-3
-15 (base 7) to base 16
-c
Convert -1 (base 9) to base 2.
-1
What is 59 (base 16) in base 13?
6b
Convert -100212 (base 3) to base 4.
-10022
3 (base 11) to base 14
3
What is 141 (base 5) in base 4?
232
Convert 8 (base 10) to base 13.
8
What is 70 (base 14) in base 5?
343
Convert -3 (base 11) to base 15.
-3
What is -3 (base 10) in base 9?
-3
Convert -10 (base 16) to base 12.
-14
What is 20 (base 12) in base 16?
18
Convert 50 (base 13) to base 5.
230
What is 15 (base 9) in base 10?
14
-22001 (base 3) to base 7
-430
113 (base 5) to base 16
21
Convert -2 (base 12) to base 5.
-2
Convert -2 (base 7) to base 10.
-2
Convert 110 (base 10) to base 13.
86
What is -2 (base 8) in base 16?
-2
Convert 0 (base 2) to base 13.
0
Convert -112 (base 6) to base 3.
-1122
What is 9 (base 14) in base 5?
14
-4 (base 10) to base 2
-100
-52 (base 9) to base 7
-65
-111 (base 2) to base 14
-7
Convert -64 (base 16) to base 2.
-1100100
What is 5 (base 10) in base 15?
5
Convert 121 (base 6) to base 4.
301
-60 (base 9) to base 6
-130
Convert 7 (base 16) to base 6.
11
-1 (base 10) to base 2
-1
Convert -7 (base 14) to base 7.
-10
What is 215 (base